02 (base 4) to base 3
-1010201111112
What is -948 (base 11) in base 4?
-101311
Convert -93d2 (base 15) to base 8.
-75017
What is 61999 (base 10) in base 3?
10011001021
Convert 2b820 (base 13) to base 6.
1434415
What is 2634133 (base 7) in base 6?
11220124
Convert -5671839 (base 11) to base 7.
-150252226
What is -154a9 (base 15) in base 8?
-205717
Convert 15232534 (base 6) to base 2.
10000010001100101010
-a3557 (base 12) to base 10
-213331
-43412 (base 10) to base 11
-2a686
What is 17416001 (base 8) in base 12?
1443681
What is 101200121220 (base 3) in base 10?
210408
-23a7c (base 16) to base 4
-203221330
12220222 (base 3) to base 7
15410
-384b33 (base 13) to base 10
-1353056
101001010010101110001 (base 2) to base 11
844647
Convert -102aa1a (base 11) to base 9.
-3366213
42803 (base 12) to base 6
1513203
-2143110410 (base 5) to base 10
-4660105
What is 463367 (base 11) in base 7?
6155112
-feb4 (base 16) to base 4
-33322310
Convert -49a19 (base 15) to base 7.
-1666365
d9534 (base 16) to base 13
252232
418891 (base 12) to base 15
1557d4
210101301 (base 4) to base 14
3c21b
What is 312131131210 (base 4) in base 9?
28768544
a43a (base 11) to base 5
420322
Convert -110000001100010001001 (base 2) to base 16.
-181889
Convert -110101100101101110111 (base 2) to base 16.
-1acb77
What is 4d164 (base 15) in base 14?
65c90
Convert 15405 (base 8) to base 14.
2741
Convert a67db (base 16) to base 13.
1ab526
36526303 (base 7) to base 12
1116b54
Convert -8801 (base 11) to base 5.
-332432
Convert 1213321 (base 4) to base 2.
1100111111001
What is -d75b3 (base 15) in base 2?
-10100110110000100011
Convert -2456662 (base 7) to base 9.
-532661
61050 (base 8) to base 6
312200
-4dcbec (base 16) to base 2
-10011011100101111101100
What is -5a7331 (base 13) in base 6?
-114130425
203133200302 (base 4) to base 16
8df832
32112132131 (base 4) to base 13
a194a7
Convert -1101101100101011110 (base 2) to base 10.
-448862
What is -8c010 (base 15) in base 3?
-211122010120
Convert 33398 (base 10) to base 9.
50728
-1032022232 (base 4) to base 6
-10510142
1976a00 (base 13) to base 7
131153643
Convert 6751a (base 11) to base 9.
158124
Convert -463517 (base 8) to base 6.
-3213131
What is -151740 (base 8) in base 15?
-11110
Convert 1000133023 (base 5) to base 10.
1958513
What is -14525 (base 7) in base 2?
-111111000101
Convert -122011010111 (base 3) to base 16.
-526d5
What is -1101100110101110 (base 2) in base 16?
-d9ae
What is 1284373 (base 10) in base 3?
2102020211101
What is 211223003 (base 4) in base 10?
154307
Convert 554443 (base 13) to base 3.
10210001112121
What is d66 (base 16) in base 13?
173b
Convert -130582 (base 10) to base 11.
-8a121
What is 1211002220 (base 4) in base 2?
1100101000010101000
-1005431 (base 7) to base 9
-202028
What is -103103204 (base 6) in base 7?
-21352456
Convert 323211200 (base 6) to base 15.
78a669
Convert 545747 (base 8) to base 6.
3532251
Convert 320101552 (base 7) to base 12.
6423721
Convert -3434566 (base 8) to base 14.
-1a3a2a
Convert -110210333 (base 4) to base 2.
-10100100100111111
-20022003320 (base 4) to base 10
-2138360
Convert -80884a (base 11) to base 15.
-1aa31d
11111011111111110010 (base 2) to base 6
34042334
What is -21020122022 (base 3) in base 4?
-202310132
Convert 746667 (base 9) to base 13.
12742c
1000100011010001 (base 2) to base 8
104321
8230b9 (base 13) to base 11
1792712
What is -11185 (base 16) in base 3?
-10120001101
What is 510172 (base 9) in base 12?
1268a8
1000020120101 (base 3) to base 13
15a0c6
-27599 (base 15) to base 7
-1033524
45453450 (base 6) to base 15
1c7420
Convert -410587 (base 12) to base 2.
-11111000010000110111
What is 121351 (base 15) in base 13?
2437b4
What is -203355301 (base 6) in base 12?
-1222b31
-12211202102 (base 3) to base 4
-130010330
What is 1020312200 (base 4) in base 13?
a5a8b
What is -39dbc (base 15) in base 10?
-185352
What is 42246511 (base 7) in base 4?
31220303113
Convert -10010110101101110011001 (base 2) to base 6.
-253504041
What is -196a68 (base 11) in base 10?
-302090
What is -5b673 (base 12) in base 2?
-11110001011110111
196c1f (base 16) to base 3
10010122102122
What is 7610064 (base 9) in base 15?
5592ba
-12131122310 (base 4) to base 2
-110011101011010110100
Convert -9a42b (base 15) to base 14.
-ca988
Convert -2365a0 (base 11) to base 5.
-43442401
-111222310300 (base 4) to base 2
-10101101010110100110000
23304 (base 16) to base 13
507b1
Convert 40421412 (base 6) to base 7.
12543605
-26154030 (base 7) to base 8
-11056521
Convert 11651363 (base 7) to base 11.
660354
-4a5878 (base 11) to base 2
-11000010111001110010
-1466343 (base 10) to base 12
-5a86b3
Convert -25106 (base 7) to base 9.
-10012
Convert -2230113113 (base 5) to base 15.
-674873
Convert -121330413 (base 6) to base 3.
-11100112112200
What is 5405145 (base 7) in base 5?
132013040
Convert -8073587 (base 9) to base 4.
-100121311132
-22555415 (base 6) to base 14
-143043
Convert 210201112120000 (base 3) to base 4.
230002210101
184621 (base 9) to base 10
114958
What is -101223122103 (base 4) in base 16?
-46b693
What is 14c228 (base 13) in base 11?
31a973
871337 (base 10) to base 5
210340322
Convert -a201 (base 16) to base 11.
-29183
Convert -5527 (base 13) to base 8.
-27127
What is c8e7 (base 16) in base 11?
35706
Convert -7114558 (base 9) to base 14.
-708bdd
What is 804d6d (base 15) in base 4?
113033030020
What is -4430251 (base 6) in base 16?
-36217
-23ec7 (base 16) to base 2
-100011111011000111
Convert -2163412 (base 9) to base 15.
-17ec7e
What is 10242402 (base 6) in base 4?
1021203002
What is -32332232212 (base 4) in base 7?
-45243556
-11001101111001000010110 (base 2) to base 12
-2314386
Convert -120122112222 (base 3) to base 4.
-1023031022
ecdf7 (base 16) to base 7
11150443
48543 (base 9) to base 12
169a0
What is 1011000101001011000000 (base 2) in base 10?
2904768
What is -3530655 (base 7) in base 16?
-6c867
Convert -5845832 (base 9) to base 6.
-151422215
What is 1312133220 (base 4) in base 3?
220122210000
Convert -a437 (base 12) to base 4.
-10113223
-342f21 (base 16) to base 3
-20102202021100
Convert -23032b (base 15) to base 7.
-20130500
-3440351 (base 7) to base 12
-1889a2
-1010001010110100 (base 2) to base 15
-c51c
What is -101545 (base 6) in base 8?
-20011
-64368 (base 10) to base 3
-10021022000
What is 3a7221 (base 13) in base 16?
159841
222071 (base 11) to base 7
3003301
What is 1194aa (base 12) in base 16?
45c82
What is 60880 (base 9) in base 12?
1b246
What is 13241511 (base 6) in base 8?
1535323
22121311200 (base 4) to base 6
134242120
Convert -26302503 (base 8) to base 15.
-7ad4b4
52d5c (base 14) to base 9
334552
-c044a (base 15) to base 16
-948d6
-1001230000 (base 4) to base 3
-111200002001
What is 237141 (base 8) in base 2?
10011111001100001
What is 223150 (base 7) in base 15?
baa4
What is -1153122 (base 6) in base 2?
-1111000010101010
2d0911 (base 15) to base 9
4080817
3253471 (base 8) to base 15
1240b7
-54a48a (base 11) to base 8
-3262217
Convert -4080645 (base 12) to base 4.
-232030232111
What is -55cb7 (base 16) in base 9?
-585041
-13441 (base 16) to base 9
-130221
125143263 (base 7) to base 2
11110100111111001000011
9625017 (base 11) to base 2
1000000101001010010000110
Convert 1010101001000101011010 (base 2) to base 13.
768a30
Convert 201112000 (base 3) to base 14.
5285
Convert -34545224 (base 6) to base 3.
-2000110001021
What is 15418671 (base 9) in base 11?
4382105
What is -140832 (base 9) in base 10?
-85970
10001110111001111 (base 2) to base 15
16a2c
6418 (base 15) to base 7
115505
What is 10100111101111110 (base 2) in base 11?
59589
Convert -11025b (base 14) to base 16.
-8ccc9
-4132033 (base 5) to base 12
-33274
Convert -111464 (base 9) to base 8.
-202241
Convert 4ced9 (base 16) to base 10.
315097
100122330331 (base 4) to base 9
8080841
74572 (base 8) to base 9
46583
What is -168e1 (base 15) in base 5?
-4313021
What is 109ac40 (base 13) in base 16?
4df0c4
What is -121024103 (base 5) in base 7?
-4540061
22425314 (base 6) to base 16
a7fce
What is -274137 (base 8) in base 3?
-11220011120
c2a84 (base 13) to base 16
552fc
Convert cc88e4 (base 16) to base 11.
7625a08
What is 576562 (base 9) in base 14?
9014b
Convert 3021022021 (base 4) to base 14.
1763b3
Convert 1075620 (base 9) to base 16.
8df8d
Convert 1101130